{"id":732,"date":"2025-09-21T18:06:54","date_gmt":"2025-09-21T18:06:54","guid":{"rendered":"http:\/\/uxhhpdt.cluster100.hosting.ovh.net\/?page_id=732"},"modified":"2025-09-21T18:09:40","modified_gmt":"2025-09-21T18:09:40","slug":"cennik","status":"publish","type":"page","link":"https:\/\/nadraduniem.pl\/index.php\/cennik\/","title":{"rendered":"Cennik"},"content":{"rendered":"<h1>Cenny &#8211; informacje dodatkowe<\/h1>\n<table style=\"height: 438px;\" width=\"652\">\n<tbody>\n<tr>\n<td width=\"156\"><strong>Oferujemy<\/strong><\/td>\n<td width=\"156\"><strong>rodzaj<\/strong><\/td>\n<td width=\"156\"><strong>liczba<\/strong><\/td>\n<td width=\"156\"><strong>Cena [PLN]<\/strong><\/td>\n<\/tr>\n<tr>\n<td width=\"156\">apartamenty<\/td>\n<td width=\"156\">4 osobowy<\/td>\n<td width=\"156\">1<\/td>\n<td width=\"156\">200-350\/apartament<\/td>\n<\/tr>\n<tr>\n<td width=\"156\">pokoje<\/td>\n<td width=\"156\">1 osobowy<\/td>\n<td width=\"156\">1<\/td>\n<td width=\"156\">80-100\/pok\u00f3j<\/td>\n<\/tr>\n<tr>\n<td width=\"156\">pokoje<\/td>\n<td width=\"156\">2 osobowy<\/td>\n<td width=\"156\">2<\/td>\n<td width=\"156\">120-160\/pok\u00f3j<\/td>\n<\/tr>\n<tr>\n<td width=\"156\">domki ca\u0142oroczne<\/td>\n<td width=\"156\">2 osobowy<\/td>\n<td width=\"156\">1<\/td>\n<td width=\"156\">160-300\/domek<\/td>\n<\/tr>\n<tr>\n<td width=\"156\">domki ca\u0142oroczne<\/td>\n<td width=\"156\">4 osobowy<\/td>\n<td width=\"156\">1<\/td>\n<td width=\"156\">160-300\/domek<\/td>\n<\/tr>\n<tr>\n<td width=\"156\">domki ca\u0142oroczne<\/td>\n<td width=\"156\">5 osobowy<\/td>\n<td width=\"156\">1<\/td>\n<td width=\"156\">160-300\/domek<\/td>\n<\/tr>\n<\/tbody>\n<\/table>\n<p style=\"text-align: left;\">Pokoje \u0142azienkami. W pokojach: lod\u00f3wka, TV, kuchenka mikrofalowa, czajnik bezprzewodowy. Domki 4 umeblowane, 4-5-osobowe ca\u0142oroczne domki wypoczynkowe. Ka\u017cdy z nich posiada: &#8211; 2 pokoje, z czego wi\u0119kszy z nich jest po\u0142\u0105czony z kuchni\u0105 na zasadzie aneksu,- w pe\u0142ni wyposa\u017con\u0105 kuchni\u0119, &#8211; dost\u0119p do \u017celazka i deski do prasowania, &#8211; sporej wielko\u015bci \u0142azienk\u0119 po\u0142\u0105czon\u0105 z WC (w \u0142azienkach kabiny prysznicowe). &#8211; du\u017cy, zadaszony taras. Do wyboru jest domek z kominkiem w salonie lub bez kominka. Obiekt W razie niepogody dost\u0119pna jest du\u017ca altana z grillem i w\u0119dzark\u0105. Parking zamkni\u0119ty, dost\u0119pny tylko dla go\u015bci. Zabiegi Po drugiej stronie jeziora znajduje si\u0119 O\u015brodek Przygotowa\u0144 Olimpijskich, w kt\u00f3rym mo\u017cna skorzysta\u0107 z bogatej oferty basen\u00f3w i zabieg\u00f3w spa. Atrakcje w obiekcie Do dyspozycji Go\u015bci: &#8211; \u0142owisko za dodatkow\u0105 op\u0142at\u0105, &#8211; rowery, &#8211; basen, &#8211; dla dzieci spory park zabaw, &#8211; na deszczowe dni klasyczne gry planszowe i karciane.<\/p>\n<h1><img fetchpriority=\"high\" decoding=\"async\" class=\"wp-image-736 alignleft\" src=\"http:\/\/uxhhpdt.cluster100.hosting.ovh.net\/wp-content\/uploads\/2025\/09\/503703_40-300x200.jpg\" alt=\"\" width=\"557\" height=\"371\" srcset=\"https:\/\/nadraduniem.pl\/wp-content\/uploads\/2025\/09\/503703_40-300x200.jpg 300w, https:\/\/nadraduniem.pl\/wp-content\/uploads\/2025\/09\/503703_40-1024x682.jpg 1024w, https:\/\/nadraduniem.pl\/wp-content\/uploads\/2025\/09\/503703_40-768x512.jpg 768w, https:\/\/nadraduniem.pl\/wp-content\/uploads\/2025\/09\/503703_40.jpg 1400w\" sizes=\"(max-width: 557px) 100vw, 557px\" \/><\/h1>\n","protected":false},"excerpt":{"rendered":"<p>Cenny &#8211; informacje dodatkowe Oferujemy rodzaj liczba Cena [PLN] apartamenty 4 osobowy 1 200-350\/apartament pokoje 1 osobowy 1 80-100\/pok\u00f3j pokoje 2 osobowy 2 120-160\/pok\u00f3j domki ca\u0142oroczne 2 osobowy 1 160-300\/domek domki ca\u0142oroczne 4 osobowy 1 160-300\/domek domki ca\u0142oroczne 5 osobowy 1 160-300\/domek Pokoje \u0142azienkami. W pokojach: lod\u00f3wka, TV, kuchenka mikrofalowa, czajnik bezprzewodowy. Domki 4 umeblowane, [&hellip;]<\/p>\n","protected":false},"author":1,"featured_media":0,"parent":0,"menu_order":0,"comment_status":"closed","ping_status":"closed","template":"","meta":{"footnotes":""},"class_list":["post-732","page","type-page","status-publish","hentry"],"_links":{"self":[{"href":"https:\/\/nadraduniem.pl\/index.php\/wp-json\/wp\/v2\/pages\/732","targetHints":{"allow":["GET"]}}],"collection":[{"href":"https:\/\/nadraduniem.pl\/index.php\/wp-json\/wp\/v2\/pages"}],"about":[{"href":"https:\/\/nadraduniem.pl\/index.php\/wp-json\/wp\/v2\/types\/page"}],"author":[{"embeddable":true,"href":"https:\/\/nadraduniem.pl\/index.php\/wp-json\/wp\/v2\/users\/1"}],"replies":[{"embeddable":true,"href":"https:\/\/nadraduniem.pl\/index.php\/wp-json\/wp\/v2\/comments?post=732"}],"version-history":[{"count":9,"href":"https:\/\/nadraduniem.pl\/index.php\/wp-json\/wp\/v2\/pages\/732\/revisions"}],"predecessor-version":[{"id":742,"href":"https:\/\/nadraduniem.pl\/index.php\/wp-json\/wp\/v2\/pages\/732\/revisions\/742"}],"wp:attachment":[{"href":"https:\/\/nadraduniem.pl\/index.php\/wp-json\/wp\/v2\/media?parent=732"}],"curies":[{"name":"wp","href":"https:\/\/api.w.org\/{rel}","templated":true}]}}